73*p - 667. Let t(f) = 3*a(f) - 19*g(f). Give t(53).
2
Let i(y) = 4*y**2 - 18*y + 25. Suppose -51*v = 38*v - 38*v - 357. Calculate i(v).
95
Let d = -708 + 721. Let b(j) = -j**3 + 13*j**2 + 10. Give b(d).
10
Let g(w) be the second derivative of w**5/20 - 2*w**4/3 - 4*w**3/3 - 11*w**2/2 + 522*w. Let c = 17 - 8. Give g(c).
-2
Let r(t) = 60*t - 7. Suppose 5*a + d = 3, 0 = 2*a - 56*d + 59*d + 4. What is r(a)?
53
Let g(q) = 17*q - 10 - 43*q + 12*q + 12*q + 3*q. Give g(-6).
-16
Let z(y) = 4*y - 20. Let s(c) = -c. Let l(w) = -3*s(w) - z(w). Let j be l(14). Let t(m) = -m**3 + 2*m + j + 2*m - 5*m**2 - 8. Give t(-6).
10
Let a(y) = -31*y**3 + 36*y**2 + 7*y - 15. Let l(q) = -17*q**3 + 18*q**2 + 4*q - 8. Let p(b) = 6*a(b) - 11*l(b). Calculate p(-18).
34
Let c(x) = -3*x**2 + 14*x + 30. Let l be c(6). Let m(w) = -7*w**2 - 8. Let b(z) = z**2 - z + 1. Let a(g) = l*b(g) + m(g). Give a(-4).
6
Let q = -70 - -73. Let z(h) = 1 - h**q - 340*h**2 + 340*h**2. Suppose -2*y = 3*y + 5. Determine z(y).
2
Let j(c) = -30*c**3 + c**2 + 15*c - 4. Let z(w) = 47*w**3 - 2*w**2 - 22*w + 6. Let u(v) = 11*j(v) + 7*z(v). Determine u(-5).
-7
Let n = -10 - 16. Let v = n + 32. Let s(q) = 4*q**3 - 3*q**3 + v*q**2 + 2 - 8*q**2 - q**2. What is s(3)?
2
Let n be (-14)/(-35) - (-3)/(30/(-4)). Suppose -t + 0*t = n. Suppose t*o - 3 = -3*o. Let f(a) = a**2 + a - 1. Give f(o).
1
Let a(v) = 8*v + 3. Let u(i) = -4*i**2 + 34*i + 15. Let g(y) = -4*a(y) + u(y). Determine g(-1).
-3
Suppose -100 = 240*z + 2182 + 358. Let l(u) = -5*u**2 + 10 + 2*u**2 + 2*u**2 - 9*u. Determine l(z).
-12
Let a(s) be the third derivative of -s**4/24 - 17*s**3/6 + s**2 - 19. Calculate a(12).
-29
Let c(s) = -s**3 + 4*s**2 + 16*s + 20. Suppose -59*n - 278 = -212 - 420. Determine c(n).
44
Suppose 6*w - 7 = -61. Let n(j) = j + 11. Let q(v) = 3*v + 35. Let c(p) = 7*n(p) - 2*q(p). What is c(w)?
-2
Let l(t) = -12*t**2 - 4*t + 1. Let u(i) = i**3 - 19*i**2 + 85*i - 13. Let y be u(12). Give l(y).
-7
Let u(z) = z**3 + 4*z - 4. Let v(m) = m**2 + 1 - 2*m**2 - 87*m + 42*m + 44*m. Let w(f) = -u(f) - 5*v(f). Give w(5).
4
Let i = 226 - 220. Let p(c) be the first derivative of -1/4*c**4 + 1 + c**2 - 7*c + 2*c**3. Calculate p(i).
5
Let m(y) = -y**3 - 14*y**2 + 3*y + 52. Let d be m(-14). Let v be 9/(-5)*2 + (-4)/d. Let l(r) = 2*r - 3. Give l(v).
-11
Let r(h) = 2091 - 4179 + 2217 + 43*h. Give r(-3).
0
Let h(y) = y**3 - 5*y**2 + y - 7. Let t(m) = m**2 + 43*m + 446. Let p be t(-17). Calculate h(p).
-19
Let t(h) = -2*h**2 + 38*h + 35. Suppose -2*y = -3*r - 55, -4*y + 30 = -2*y + 2*r. Determine t(y).
-5
Let i(d) = -3*d - d**2 + 3*d - 43 + 23 - 19*d. Give i(-10).
70
Suppose -22*q + 200 - 2 = 0. Let i(o) = -10*o + 8. Give i(q).
-82
Let f(u) = u**3 - 20*u**2 - 37*u - 156. Let n be f(22). Let a(t) = t**2 + 12*t + 15. Calculate a(n).
-5
Suppose -5 = 5*j - 3*f - 12, -2*j - 4*f + 34 = 0. Let z(s) = 31*s - 151. Give z(j).
4
Let q(u) = -u**3 - 7*u**2 - 2*u + 6. Let s(l) = 2*l - 71. Suppose 0 = 38*o - 35*o - 96. Let t be s(o). What is q(t)?
20
Suppose 0 = 4*s - 8*n + 6 + 2, 27 = 3*s + 5*n. Let i(l) = -2*l**3 + 3*l**2 + 6*l + 12. Determine i(s).
-44
Let w(x) = 147*x**2 + 30*x - 14. Let b(n) = 417*n**2 + 91*n - 43. Let v(i) = 6*b(i) - 17*w(i). Give v(-12).
-20
Let p(j) be the second derivative of 21*j**5/20 - j**4/4 + j**3/3 + 4*j - 171. What is p(1)?
20
Let x = 456 - 414. Suppose 0 = -10*z + 12 - x. Let l(m) = 2*m + 1. Calculate l(z).
-5
Let j(s) = 2 - 2*s**2 - s + 2 - 2. Let z(g) = g**2 + 18*g - 109. Let n be z(-23). Suppose 0 = -n*w + 35 - 47. Give j(w).
-4
Let q(o) be the third derivative of -o**5/60 - 5*o**4/24 + 151*o**2 - 2*o. Calculate q(-6).
-6
Let r(a) = -3*a**3 - a**2 - a - 3. Let s = 20612 + -20615. What is r(s)?
72
Let f(c) = 18*c**3 - c**2 + c - 1. Let o be 448/1120 + 3/5. Determine f(o).
17
Let y(w) = -w**3 - 30*w**2 - 53*w + 82. Let p be (5 + 230/(-50))/(2/(-140)). Let s be y(p). Let o(h) = h**3 + h**2 - 4*h - 3. Determine o(s).
1
Let t(q) = q**3 + 36*q**2 + 70*q + 73. Let m be t(-34). Suppose -3*w = -m*i + 18, 18 = -3*w - 5*i + 4*i. Let r(n) = -5*n - 24. Determine r(w).
6
Let o = 127 - 74. Let s be o/2 - (3 - 8)/(-10). Suppose -26 = 2*k + 2*r, -5*k + 4*r + s - 64 = 0. Let a(c) = c**3 + 11*c**2 + 11*c + 4. Calculate a(k).
-6
Let r(f) = 4241 - 4234 - f**2 - 6*f**2 + 2*f. Calculate r(3).
-50
Let m(y) = -7*y**2 + 2*y - 2. Let k(g) = g**2 + 30*g - 167. Let t be k(11). Let o = 285 - t. Give m(o).
-7
Let g(v) be the third derivative of -v**6/120 + 3*v**5/20 - v**4/8 + 3*v**3/2 + 1179*v**2. Calculate g(9).
-18
Let f(c) = -c**2 - 132*c - 3334. Let a be f(-34). Let q(i) be the first derivative of -i**4/4 + i**3/3 + i**2 + 3*i - 1. Calculate q(a).
11
Suppose 5*q - 74 = 36. Suppose 4*m - t = 24, -2*m + 0*m = -3*t - q. Suppose -17*x + m*x = 48. Let h(g) = g**2 + 5*g + 6. Determine h(x).
2
Let y = -1 + 0. Let i(k) be the first derivative of 8*k**3/3 - 3605. What is i(y)?
8
Let c(o) be the third derivative of o**5/60 + 7*o**4/24 + 5*o**3/3 + 608*o**2. What is c(-5)?
0
Let d(x) = 2*x + 8. Let f(k) = k**2 + 32*k - 31. Let w be f(-33). Calculate d(w).
12
Let j(n) = 8*n. Suppose -17*r + 7*r = 930. Let h = r + 92. Determine j(h).
-8
Let a(p) = -9*p. Let y be (-1)/(3/17) + 2/3. Let h(x) = -28*x. Let f(w) = y*h(w) + 16*a(w). Let n = -29 + 26. Determine f(n).
12
Let p(m) = -m**3 - 1 - 344*m + 174*m + 168*m. Let y = -25 + 23. Give p(y).
11
Let g(y) = -4*y. Let l = -3 + 6. Let k(c) = -l*c + 7 + 1 + 3*c - 2*c. Let x be k(3). Determine g(x).
-8
Let b(m) = 27*m - 401. Let p be b(16). Suppose -15*t = 106 - p. Let k(w) be the first derivative of -5*w**2/2 + w - 1. Give k(t).
26
Let a(p) = p**2 - 8*p + 7. Let k be 2/6*(-1)/(2/(-30)). Let o(u) = u**3 - 5*u**2 + 3*u - 7. Let l be o(k). Determine a(l).
7
Let k(c) = -25 + 3179*c - 13 - 3183*c. Let i(v) = -v - 13. Let d(r) = 7*i(r) - 2*k(r). Calculate d(15).
0
Let p be 5*(1 - (-4)/(-5)). Suppose -14*o + 6*o + 32 = 0. Suppose o*y + p = 9. Let t(u) = -u**3 - 4*u**2 + 3*u. Give t(y).
-18
Suppose -18*j = -14*j + 2*i - 22, 0 = -2*i - 2. Let l be (-5)/15 - (-32)/j. Let m(f) = -f**2 + 5*f - 1. Give m(l).
-1
Let w = 149 + -51. Suppose 0 = -84*h + w*h + 42. Let m(p) = -p**2 - 3*p + 5. What is m(h)?
5
Let w(p) = -4*p**2 - 102*p - 226. Let n(c) = -c**2 - 26*c - 58. Let r(o) = -9*n(o) + 2*w(o). What is r(-27)?
-11
Let k be 6/(-18) - 11/3. Let j(o) be the second derivative of -o**4/6 - o**3 + 3*o. Calculate j(k).
-8
Suppose 10 = -5*q + 5*n, -3*q - 13 = -n + 5*n. Let w be 26/8 - (-9)/(-36). Let g(p) = -5 - 6*p**2 + p + 0*p**2 + 4*p**2 - p**w + 1. Give g(q).
2
Suppose -210 = -3*w - 2*b, -7*w + 4*b + 328 = -2*w. Suppose 78*h = w*h + 50. Let r(p) = -p**2 + 7*p - 2. Determine r(h).
8
Let o be (-6)/8 + (-2)/8. Let k = 679 - 677. Let s(r) = 2*r**k - 23*r**3 + r - 2*r**2 + 26*r**3 - 21*r**3 + 1. What is s(o)?
18
Let i(m) = -m**3 - 8*m**2 - 13*m + 7. Let d be i(-4). Let s(f) = 2*f**2 - 7*f - 6. What is s(d)?
79
Let x be 1794/6 + 2*1/2. Let s = 297 - x. Let o(y) = y**3 + 2*y**2 + 2*y - 3. Determine o(s).
-18
Suppose 0 = -675*r + 641*r + 102. Let o(u) = -u**2 + 7*u - 30. Calculate o(r).
-18
Let t(q) = -q. Suppose 2*h = -0*c - 4*c - 22, -2*c = 10. Let f be -1 - (-66)/(-3)*h. Let j = f + -17. Give t(j).
-4
Let q(f) = -5*f + 5. Let j(s) = 193. Let y(c) = j(c) - 6*q(c). What is y(-6)?
-17
Let z(q) = -q**2 + 7*q - 2. Let k = 26 + -12. Suppose 20 = p + k. Determine z(p).
4
Suppose -3*n + 393 = 50*x - 52*x, 3*n - 5*x = 402. Let b(c) = 66*c + 1. Let j be b(1). Let m(l) = -j*l**3 + 1 - 4*l**2 + 3*l + n*l**3 - 63*l**3. What is m(-3)?
-17
Let b(c) be the first derivative of -c**4/4 + 7*c**3/3 + c**2 + c - 3. Suppose -4*n + 4*s - 72 + 68 = 0, -6*n - 2*s + 58 = 0. Determine b(n).
15
Let i = -52891 + 52896. Let x = -2 + 3. Let z(j) = -6*j**2 - j**3 + x + 4*j**3 - 2*j**3 + 5*j. Determine z(i).
1
Suppose -32 = -5*h + 3*o, 0 = -4*h - 5*o + 9*o + 32. Let v(f) = 1854 - 5*f - 1856 + h*f. Determine v(-9).
7
Let x = 479 + -477. Let p(b) = -13*b + 25. What is p(x)?
-1
Let r be -13 - (13 - -1 - 21). Let i(k) = k**3 + 7*k**2 + 3*k - 4. Give i(r).
14
Let s(u) = u**2 - 7*u + 8. Let y(n) be the first derivative of -29 + 16*n - 15/2*n**2 + 2/3*n**3. Let z(j) = -5*s(j) + 3*y(j). What is z(7)?
-13
Let y(v) = -54*v - 30. Let k(p) = -13*p - 7. Let b(j) = -9*k(j) + 2*y(j). Suppose 